r(-24).
14
Let p(u) = -u**2 + 1003*u - 2000. Determine p(2).
2
Let h(v) = 7*v**3 - 26*v**2 - 2*v + 14. What is h(3)?
-37
Let n(r) = -r**2 + 3974*r - 59404. Calculate n(15).
-19
Let i(v) = -157*v - 2202. Calculate i(-14).
-4
Let a(i) = 10*i**2 + 5*i - 35. Give a(-6).
295
Let r(x) = -2*x**3 - 12*x**2 - 22*x - 8. What is r(-2)?
4
Let a(v) = 2852*v + 22815. Determine a(-8).
-1
Let a(f) = f**3 - 6*f**2 + 12*f - 20. Calculate a(3).
-11
Let z(f) = 3*f**3 - 5*f**2 + 37*f - 42. Determine z(5).
393
Let k(s) = -9*s - 315. Determine k(-43).
72
Let r(n) = -n**3 - 16*n**2 - 33*n + 193. Give r(-12).
13
Let z(m) = 6*m**3 + 178*m**2 - 244*m + 134. Determine z(-31).
10
Let x(w) = -w**3 - 12*w**2 + 91*w - 114. Give x(4).
-6
Let s(m) = -2*m**3 + 9*m**2 - 2*m - 48. Determine s(5).
-83
Let o(c) = -c**2 - 11*c - 572. Calculate o(-19).
-724
Let l(x) = -x**3 + 57*x**2 - x - 145. Give l(57).
-202
Let v(s) = -s**3 + 59*s**2 - 221*s + 18. Determine v(4).
14
Let q(v) = v**2 - 99*v - 196. Calculate q(-2).
6
Let r(y) = -6*y**2 + 24*y - 93. Give r(4).
-93
Let p(f) = -21*f**2 - 281*f + 549. Determine p(2).
-97
Let j(c) = c**3 - 5*c**2 + 10*c - 43. Calculate j(5).
7
Let k(y) = 170*y + 176. Determine k(-1).
6
Let r(s) = -25*s**2 + 201*s - 46. Give r(8).
-38
Let s(i) = i**3 + 22*i**2 - 5*i + 459. What is s(-23)?
45
Let x(s) = 3*s**3 - 10*s**2 - 12*s + 34. What is x(4)?
18
Let i(g) = -2*g**3 + 72*g**2 - 66*g - 132. What is i(35)?
8
Let u(m) = m**3 - 48*m**2 + 43*m + 234. Calculate u(47).
46
Let i(h) = 27*h + 323. Give i(-13).
-28
Let y(o) = -o**2 + 6*o + 174. What is y(19)?
-73
Let i(u) = 25*u + 351. What is i(-28)?
-349
Let s(k) = -159*k + 3817. Give s(24).
1
Let j(s) = 46*s - 15. What is j(1)?
31
Let v(x) = 2*x + 233. Determine v(-32).
169
Let u(v) = -2*v + 7. Give u(-11).
29
Let x(p) = -9411*p + 3. What is x(0)?
3
Let p(g) = -g**2 - 32*g + 13427. Calculate p(101).
-6
Let s(a) = 47*a**2 + 376*a + 6. Determine s(-8).
6
Let u(j) = j**3 - 89*j**2 + 1474*j - 7. Give u(22).
-7
Let w(l) = 3*l**2 + 39*l - 53. What is w(-15)?
37
Let r(j) = -j**3 + 4*j**2 - 2*j + 577. Give r(0).
577
Let r(p) = -2*p**2 - 32*p + 878. Determine r(15).
-52
Let n(l) = -196*l + 1755. Calculate n(9).
-9
Let k(a) = -a**3 - a**2 - 3*a - 65. Calculate k(-4).
-5
Let k(f) = -4*f**2 - 26*f + 84. Calculate k(5).
-146
Let y(f) = -2*f**3 - 19*f**2 + 10*f - 73. What is y(-10)?
-73
Let b(x) = -x**2 - 62*x + 2406. Give b(27).
3
Let r(b) = 4*b + 126. Give r(-14).
70
Let t(j) = 125*j - 191. What is t(2)?
59
Let o(b) = -2*b**2 + 35*b - 178. Give o(6).
-40
Let h(q) = 2*q**2 - 11*q - 44. Calculate h(8).
-4
Let c(t) = -3*t**3 - 15*t**2 - 57*t - 227. Calculate c(-4).
-47
Let y(a) = 61*a**3 + 178*a**2 - 19*a - 12. What is y(-3)?
0
Let z(b) = 13*b**2 + 24*b - 125. Give z(2).
-25
Let y(k) = 53*k - 1996. Determine y(38).
18
Let u(n) = -45*n + 228. Give u(5).
3
Let d(l) = 228*l - 3911. What is d(17)?
-35
Let b(a) = 202*a - 602. Give b(3).
4
Let k(g) = -g**3 + 13*g**2 - 39*g + 2. Determine k(10).
-88
Let s(t) = 44*t**3 + 6*t**2 + 2*t + 1. Calculate s(-2).
-331
Let q(x) = -5*x**2 + 181*x - 435. Give q(33).
93
Let o(c) = 1385*c - 8296. Give o(6).
14
Let w(m) = 5*m**2 - 2*m + 6. Determine w(2).
22
Let m(r) = -r**3 + 21*r**2 - 87*r + 18. Determine m(16).
-94
Let t(i) = 250*i + 974. Determine t(-4).
-26
Let i(t) = 3*t**3 + 25*t**2 + 109*t + 805. What is i(-8)?
-3
Let c(y) = 3*y**2 + 152*y + 1484. Determine c(-13).
15
Let j(y) = -2*y**2 - 25*y - 82. Give j(-16).
-194
Let g(l) = 31*l**2 + 433*l - 2. Give g(-14).
12
Let l(p) = -14*p - 196. Give l(-14).
0
Let m(s) = -s**3 + 2*s**2 + 9*s - 42. Determine m(-5).
88
Let n(b) = -76*b + 25. Give n(1).
-51
Let f(c) = 404*c - 1684. What is f(4)?
-68
Let w(s) = -s**3 - 13*s**2 + 425*s + 133. Give w(-28).
-7
Let p(y) = -y**2 - 149*y + 8964. Determine p(46).
-6
Let l(g) = -40*g + 850. Give l(20).
50
Let v(o) = -o**3 + 18*o**2 - 20*o + 138. Determine v(18).
-222
Let t(a) = -a**2 - 391*a + 21553. Determine t(49).
-7
Let n(f) = -f**3 - 9*f**2 + 288*f + 28. Determine n(-22).
-16
Let f(k) = 8*k**2 + 14*k - 8. What is f(-6)?
196
Let n(m) = -m**2 - 243*m + 7879. Calculate n(29).
-9
Let m(f) = 50*f - 2235. Determine m(45).
15
Let g(k) = -218*k + 65396. Give g(300).
-4
Let q(b) = -11*b**3 - 2*b**2 - 9*b + 10. Give q(1).
-12
Let f(u) = 27*u + 470. Calculate f(-17).
11
Let c(y) = 14*y - 67. What is c(0)?
-67
Let d(f) = -f**2 + 113. Give d(10).
13
Let u(l) = -18*l**2 + 290*l - 33. Calculate u(16).
-1
Let t(b) = -4481*b - 340557. Give t(-76).
-1
Let v(h) = -2*h**3 + 186*h**2 - 223*h + 3669. What is v(92)?
81
Let r(c) = c**3 + 2*c**2 - 3*c - 6. What is r(-5)?
-66
Let d(i) = -2*i**3 + 116*i**2 - 115*i. Calculate d(57).
-57
Let q(u) = -64*u**3 - 21*u**2 + 13*u + 8. Determine q(1).
-64
Let n(j) = -50*j - 211. Calculate n(-4).
-11
Let k(j) = -6*j**3 - 67*j**2 - 19*j - 41. What is k(-11)?
47
Let u(f) = -482*f + 155680. Determine u(323).
-6
Let w(l) = 12*l**2 - 5*l + 13. Calculate w(3).
106
Let k(q) = q**3 - 21*q**2 + 49*q - 11. What is k(3)?
-26
Let r(c) = 923*c**2 + 9230*c + 13. Give r(-10).
13
Let n(y) = -2*y**2 - 151*y + 31075. Calculate n(-168).
-5
Let m(l) = -3*l**2 + 37*l + 62. Determine m(19).
-318
Let x(i) = -11*i - 261. Determine x(-16).
-85
Let g(i) = -i**3 - i**2 + 62*i + 208. Calculate g(-5).
-2
Let o(h) = 2*h**2 - 42*h - 119. What is o(23)?
-27
Let q(t) = -17*t - 83. What is q(-7)?
36
Let u(d) = 686*d + 4817. What is u(-7)?
15
Let d(x) = 16*x - 682. Determine d(42).
-10
Let c(u) = -8*u**2 + 40*u + 39. Determine c(-1).
-9
Let r(o) = 2*o**3 + 23*o**2 - 104*o. What is r(4)?
80
Let x(d) = d**3 - 17*d**2 + 35*d - 46. What is x(14)?
-144
Let t(s) = 2*s**2 + 31*s - 435. Calculate t(7).
-120
Let s(b) = -774*b - 58799. Determine s(-76).
25
Let p(u) = u**3 - u**2 - 4*u - 120. Calculate p(8).
296
Let w(a) = a**3 + 19*a**2 - 668*a + 29. Give w(18).
-7
Let x(q) = -2780*q + 2780. Calculate x(1).
0
Let c(r) = 2*r**3 - 20*r**2 + r - 17. What is c(11)?
236
Let t(r) = 2*r**3 + 49*r**2 + 113*r - 712. Calculate t(-21).
2
Let f(o) = -12*o**3 + 2*o**2 - 9*o - 16. Calculate f(-2).
106
Let t(a) = -a**3 + 13*a**2 - 37*a - 13. Give t(10).
-83
Let t(u) = -278*u + 17495. Determine t(63).
-19
Let n(s) = s**2 + 43*s - 14765. Give n(102).
25
Let f(p) = -p**2 - 13*p - 38. Determine f(-10).
-8
Let l(c) = -6*c - 203. Calculate l(-28).
-35
Let w(s) = -25*s**3 - 2*s**2 - 13*s - 19. What is w(-1)?
17
Let q(o) = -3*o - 12. Calculate q(-12).
24
Let q(i) = -15*i**2 + 95*i - 400. Calculate q(4).
-260
Let a(n) = 1495*n + 8982. Give a(-6).
12
Let f(d) = 9*d + 811. Determine f(-92).
-17
Let w(v) = v**3 + 31*v**2 - 105*v - 68. Give w(-34).
34
Let v(j) = -j**2 + 192*j - 8056. Give v(62).
4
Let w(q) = 4*q**2 + 194*q + 96. Give w(-48).
0
Let q(t) = -t**2 + 116*t - 2396. Determine q(81).
439
Let c(k) = 29*k**3 + k**2 + 7*k + 6. Determine c(-1).
-29
Let y(c) = -7*c**2 - 137*c + 136. Determine y(1).
-8
Let z(w) = -w**3 - 20*w**2 - 71*w - 635. Give z(-18).
-5
Let s(q) = -41*q**2 - 23*q + 3. Determine s(-1).
-15
Let o(p) = p**3 + 28*p**2 - 66*p + 12. Give o(-30).
192
Let f(z) = 4680*z + 74881. Determine f(-16).
1
Let i(o) = -3*o**2 + 854*o - 9775. Give i(12).
41
Let i(h) = 3*h**2 + 12*h - 24. What is i(2)?
12
Let v(c) = -c**3 - 13*c**2 + 10*c. Calculate v(-14).
56
Let r(v) = -v**3 + 33*v**2 + 76*v - 29. Give r(35).
181
Let v(m) = 196*m + 3502. Calculate v(-18).
-26
Let z(h) = h**2 + 143*h + 2358. Give z(-123).
-102
Let b(q) = -q**3 + 16*q**2 - 6*q - 17. Give b(8).
447
Let g(j) = -38*j**2 + 381*j - 15. Give g(10).
-5
Let i(n) = 7*n + 282. Determine i(-44).
-26
Let a(u) = 5*u**2 + 97*u + 8. Calculate a(-14).
-370
Let d(v) = -v**3 - 33*v**2 - 267*v + 44. Calculate d(-15).
-1
Let q(b) = b**3 + 25*b**2 + 44*b + 487. Calculate q(-24).
7
Let d(p) = 15*p**2 + 20*p - 72. Determine d(3).
123
Let i(y) = y**2 - 2*y - 1089. Give i(33).
-66
Let b(q) = q**3 + 6*q**2 + q + 63. Give b(-7).
7
Let t(y) = 3*y**2 - 236*y + 151. What is t(78)?
-5
Let p(m) = 78*m**2 + 2665*m + 445. Calculate p(-34).
3
Let l(y) = -y**3 - 86*y**2 - 26*y - 2238. What is l(-86)?
-2
Let w(q) = -7*q - 79. Calculate w(7).
-128
Let y(f) = 379*f + 4177. What is y(-11)?
8
Let q(x) = 13*x**2 - 144*x + 386. Calculate q(7).
15
Let n(f) = -f**2 - 326*f - 14892. What is n(-271)?
13
Let c(m) = -2*m**3 - 180*m + 